{"id":2,"date":"2018-02-07T23:02:20","date_gmt":"2018-02-07T23:02:20","guid":{"rendered":"http:\/\/selefectivo.mx\/?page_id=2"},"modified":"2025-12-16T17:41:49","modified_gmt":"2025-12-16T17:41:49","slug":"une","status":"publish","type":"page","link":"https:\/\/selefectivo.com.mx\/?page_id=2","title":{"rendered":"UNE \/ BEF"},"content":{"rendered":"<div class=\"blog-item-description\">\n<h2><span style=\"color: #ff9900;\">Unidad Especializada (UNE)<\/span><\/h2>\n<p>Soluciones Efectivas de Liquidez S.A. de C.V. SOFOM ENR pone a su disposici\u00f3n la Unidad Especializada de Atenci\u00f3n a Clientes (UNE) que tiene por objeto atender consultas, reclamaciones y aclaraciones de nuestros clientes.<\/p>\n<\/div>\n<div class=\"blog-item\"><\/div>\n<div><\/div>\n<div class=\"blog-item-description\">\n<h3>Atenci\u00f3n personalizada:<\/h3>\n<p><strong>Titular de la UNE: Hugo Michele Morales Vega<\/strong><\/p>\n<p><strong>Domicilio:\u00a0<\/strong>\u00c1ngel Urraza No. 111 Piso 3 Col Insurgentes San Borja, Del. Benito Ju\u00e1rez, C.P. 03100, CDMX.<\/p>\n<p><strong>Horario de atenci\u00f3n:<\/strong>\u00a0Lunes a Viernes de 9:00 a 15:00 y de 16:00 a 17:00 hrs.<\/p>\n<p><strong>Tel\u00e9fono<\/strong>: 55 55 23 10 12\u00a0 Ext. 3310<\/p>\n<p><strong>Correo electr\u00f3nico:<\/strong> <a href=\"mailto:hugo.morales@selefectivo.com.mx\">hugo.morales@selefectivo.com.mx<\/a><\/p>\n<h3><\/h3>\n<h3>CONDUSEF:<\/h3>\n<p><strong>Direcci\u00f3n:<\/strong>\u00a0Av. Insurgentes Sur #762, Col. Del Valle, C.P 03100, M\u00e9xico D.F.<\/p>\n<p><strong>Tel\u00e9fonos:<\/strong> 55 5340 0999<\/p>\n<p><strong>P\u00e1gina de internet:<\/strong>\u00a0<a href=\"http:\/\/www.condusef.gob.mx\" target=\"_blank\" rel=\"noopener\">www.condusef.gob.mx\u00a0<\/a><\/p>\n<p><strong>Email: <\/strong>asesoria@condusef.gob.mx<\/p>\n<h2><a href=\"https:\/\/selefectivo.com.mx\/wp-content\/uploads\/2024\/02\/modeloavisoMODAVI5810-3012023-125012.pdf\"><strong>Cartel UNE<\/strong><\/a><\/h2>\n<h2><\/h2>\n<h2><span style=\"color: #ff9900;\">BUR\u00d3 DE ENTIDADES FINANCIERAS<\/span><\/h2>\n<h2><img loading=\"lazy\" decoding=\"async\" class=\"wp-image-202 aligncenter\" src=\"https:\/\/selefectivo.com.mx\/wp-content\/uploads\/2019\/03\/buro-297x300.jpg\" alt=\"\" width=\"100\" height=\"101\" srcset=\"https:\/\/selefectivo.com.mx\/wp-content\/uploads\/2019\/03\/buro-297x300.jpg 297w, https:\/\/selefectivo.com.mx\/wp-content\/uploads\/2019\/03\/buro-150x150.jpg 150w, https:\/\/selefectivo.com.mx\/wp-content\/uploads\/2019\/03\/buro-79x80.jpg 79w, https:\/\/selefectivo.com.mx\/wp-content\/uploads\/2019\/03\/buro.jpg 350w\" sizes=\"auto, (max-width: 100px) 100vw, 100px\" \/><\/h2>\n<p><em>&#8220;El Bur\u00f3 de Entidades Financieras contiene informaci\u00f3n de Soluciones Efectivas de Liquidez, S.A. de C.V., SOFOM E.N.R. sobre nuestro desempe\u00f1o frente a los Usuarios, por la prestaci\u00f3n de productos y servicios.<\/em><\/p>\n<p><em>Te invitamos a consultarlo en la p\u00e1gina <a href=\"http:\/\/www.buro.gob.mx\">http:\/\/www.buro.gob.mx<\/a> o en nuestra p\u00e1gina de internet (<a href=\"http:\/\/www.selefectivo.com.mx\">www.selefectivo.com.mx<\/a>)&#8221;.<\/em><\/p>\n<p><strong><em>\u00bfQu\u00e9 es el Bur\u00f3 de Entidades Financieras?<\/em><\/strong><\/p>\n<p><strong><em>Es una herramienta de consulta y difusi\u00f3n con la que podr\u00e1s conocer los productos que ofrecen las entidades financieras, sus comisiones y tasas, las reclamaciones de los usuarios, las pr\u00e1cticas no sanas en que incurren, las sanciones administrativas que les han impuesto, las cl\u00e1usulas abusivas de sus<\/em><\/strong><\/p>\n<p><strong><em>contratos y otra informaci\u00f3n que resulte relevante para informarte sobre su desempe\u00f1o.<\/em><\/strong><\/p>\n<p><strong><em>Con el Bur\u00f3 de Entidades Financieras, se lograr\u00e1 saber qui\u00e9n es qui\u00e9n en bancos, seguros, sociedades financieras de objeto m\u00faltiple, cajas de ahorro, afores, entre otras entidades.<\/em><\/strong><\/p>\n<p><strong><em>Con ello, podr\u00e1s comparar y evaluar a las entidades financieras, sus productos y servicios y tendr\u00e1s mayores elementos para elegir lo que m\u00e1s te convenga.<\/em><\/strong><\/p>\n<p><strong><em>Esta informaci\u00f3n te ser\u00e1 \u00fatil para elegir un producto financiero y tambi\u00e9n para conocer y usar mejor los que ya tienes.<\/em><\/strong><\/p>\n<p><strong><em>Este Bur\u00f3 de Entidades Financieras, es una herramienta que puede contribuir al crecimiento econ\u00f3mico del pa\u00eds, al promover la competencia entre las instituciones financieras; que impulsar\u00e1 la transparencia al revelar informaci\u00f3n a los usuarios sobre el desempe\u00f1o de \u00e9stas y los productos que ofrecen y que va a facilitar un manejo responsable de los productos y servicios financieros al conocer a detalle sus caracter\u00edsticas.\u201d<\/em><\/strong><\/p>\n<p>Lo anterior, podr\u00e1 derivar en un mayor bienestar social, porque al conjuntar en un solo espacio tan diversa informaci\u00f3n del sistema financiero, el usuario tendr\u00e1 m\u00e1s elementos para optimizar su presupuesto, para mejorar sus finanzas personales, para utilizar correctamente los cr\u00e9ditos que fortalecer\u00e1n su econom\u00eda y obtener los seguros que la protejan, entre otros aspectos.<\/p>\n<p>Favor de ingresar a la liga\u00a0<a href=\"http:\/\/www.buro.gob.mx\"><strong>http:\/\/www.buro.gob.mx<\/strong><\/a>\u00a0para consultar la informaci\u00f3n actualizada que consta de SOLUCIONES EFECTIVAS DE LIQUIDEZ, S.A. DE C.V., SOFOM E.N.R.<\/p>\n<\/div>\n<p><img loading=\"lazy\" decoding=\"async\" class=\"alignnone wp-image-430 size-large\" src=\"https:\/\/selefectivo.com.mx\/wp-content\/uploads\/2025\/12\/SEL2-1024x318.png\" alt=\"\" width=\"1024\" height=\"318\" srcset=\"https:\/\/selefectivo.com.mx\/wp-content\/uploads\/2025\/12\/SEL2-1024x318.png 1024w, https:\/\/selefectivo.com.mx\/wp-content\/uploads\/2025\/12\/SEL2-300x93.png 300w, https:\/\/selefectivo.com.mx\/wp-content\/uploads\/2025\/12\/SEL2-768x239.png 768w, https:\/\/selefectivo.com.mx\/wp-content\/uploads\/2025\/12\/SEL2-1536x477.png 1536w, https:\/\/selefectivo.com.mx\/wp-content\/uploads\/2025\/12\/SEL2-258x80.png 258w, https:\/\/selefectivo.com.mx\/wp-content\/uploads\/2025\/12\/SEL2.png 1809w\" sizes=\"auto, (max-width: 1024px) 100vw, 1024px\" \/><\/p>\n<div><\/div>\n<div><img loading=\"lazy\" decoding=\"async\" class=\"alignnone size-large wp-image-428\" src=\"https:\/\/selefectivo.com.mx\/wp-content\/uploads\/2025\/12\/SEL1-1024x567.png\" alt=\"\" width=\"1024\" height=\"567\" srcset=\"https:\/\/selefectivo.com.mx\/wp-content\/uploads\/2025\/12\/SEL1-1024x567.png 1024w, https:\/\/selefectivo.com.mx\/wp-content\/uploads\/2025\/12\/SEL1-300x166.png 300w, https:\/\/selefectivo.com.mx\/wp-content\/uploads\/2025\/12\/SEL1-768x425.png 768w, https:\/\/selefectivo.com.mx\/wp-content\/uploads\/2025\/12\/SEL1-144x80.png 144w, https:\/\/selefectivo.com.mx\/wp-content\/uploads\/2025\/12\/SEL1.png 1244w\" sizes=\"auto, (max-width: 1024px) 100vw, 1024px\" \/><\/div>\n<div><center><\/center><center><img loading=\"lazy\" decoding=\"async\" class=\"alignnone wp-image-408 size-full\" src=\"https:\/\/selefectivo.com.mx\/wp-content\/uploads\/2024\/12\/CONDUSER-logo-300x167-1.png\" alt=\"\" width=\"300\" height=\"167\" srcset=\"https:\/\/selefectivo.com.mx\/wp-content\/uploads\/2024\/12\/CONDUSER-logo-300x167-1.png 300w, https:\/\/selefectivo.com.mx\/wp-content\/uploads\/2024\/12\/CONDUSER-logo-300x167-1-144x80.png 144w\" sizes=\"auto, (max-width: 300px) 100vw, 300px\" \/><\/center><\/div>\n<div><\/div>\n<div><\/div>\n<div><\/div>\n<div>La informaci\u00f3n contenida corresponde \u00fanicamente a SOLUCIONES EFECTIVAS DE LIQUIDEZ, S.A. DE C.V., SOFOM E.N.R. Puedes conocer la informaci\u00f3n sobre el desempe\u00f1o de todo el sector de sociedades financieras de objeto m\u00faltiple as\u00ed como de otras entidades financieras accediendo al\u00a0 sitio\u00a0<a href=\"http:\/\/www.buro.gob.mx\"><strong>http:\/\/www.buro.gob.mx<\/strong><\/a><\/div>\n<p><strong>CONSULTE INFORMACI\u00d3N <a href=\"http:\/\/www.buro.gob.mx\">AQU\u00cd<\/a><\/strong><\/p>\n","protected":false},"excerpt":{"rendered":"<p>Unidad Especializada (UNE) Soluciones Efectivas de Liquidez S.A. de C.V. SOFOM ENR pone a su disposici\u00f3n la Unidad Especializada de Atenci\u00f3n a Clientes (UNE) que tiene por objeto atender consultas, reclamaciones y aclaraciones de nuestros clientes. Atenci\u00f3n personalizada: Titular de la UNE: Hugo Michele Morales Vega Domicilio:\u00a0\u00c1ngel Urraza No. 111 [&hellip;]<\/p>\n","protected":false},"author":1,"featured_media":0,"parent":0,"menu_order":0,"comment_status":"closed","ping_status":"open","template":"","meta":{"footnotes":""},"class_list":["post-2","page","type-page","status-publish","hentry"],"_links":{"self":[{"href":"https:\/\/selefectivo.com.mx\/index.php?rest_route=\/wp\/v2\/pages\/2","targetHints":{"allow":["GET"]}}],"collection":[{"href":"https:\/\/selefectivo.com.mx\/index.php?rest_route=\/wp\/v2\/pages"}],"about":[{"href":"https:\/\/selefectivo.com.mx\/index.php?rest_route=\/wp\/v2\/types\/page"}],"author":[{"embeddable":true,"href":"https:\/\/selefectivo.com.mx\/index.php?rest_route=\/wp\/v2\/users\/1"}],"replies":[{"embeddable":true,"href":"https:\/\/selefectivo.com.mx\/index.php?rest_route=%2Fwp%2Fv2%2Fcomments&post=2"}],"version-history":[{"count":40,"href":"https:\/\/selefectivo.com.mx\/index.php?rest_route=\/wp\/v2\/pages\/2\/revisions"}],"predecessor-version":[{"id":432,"href":"https:\/\/selefectivo.com.mx\/index.php?rest_route=\/wp\/v2\/pages\/2\/revisions\/432"}],"wp:attachment":[{"href":"https:\/\/selefectivo.com.mx\/index.php?rest_route=%2Fwp%2Fv2%2Fmedia&parent=2"}],"curies":[{"name":"wp","href":"https:\/\/api.w.org\/{rel}","templated":true}]}}